{"id":2345,"date":"2023-07-08T10:06:32","date_gmt":"2023-07-08T10:06:32","guid":{"rendered":"https:\/\/drpsy.eu\/?page_id=2345"},"modified":"2023-07-08T11:27:42","modified_gmt":"2023-07-08T11:27:42","slug":"ayahuasca-kontra-magiczne-grzyby-porownanie-substancji-psychodelicznych","status":"publish","type":"page","link":"https:\/\/drpsy.eu\/goldenteacher\/ayahuasca-kontra-magiczne-grzyby-porownanie-substancji-psychodelicznych\/","title":{"rendered":"Ayahuasca kontra Magiczne Grzyby: Por\u00f3wnanie Substancji Psychodelicznych"},"content":{"rendered":"<p><strong>Uwaga:<\/strong> Informacje zawarte w tym artykule maj\u0105 wy\u0142\u0105cznie charakter informacyjny. Drpsy.eu nie propaguje nielegalnej sprzeda\u017cy, u\u017cytkowania ani posiadania jakichkolwiek substancji psychodelicznych. Zawsze upewnij si\u0119, \u017ce badasz, rozumiesz i przestrzegasz wszystkich praw i regulacji zwi\u0105zanych z u\u017cywaniem i posiadaniem substancji psychodelicznych w swoim stanie lub regionie.<\/p>\n<p><a href=\"https:\/\/drpsy.eu\/goldenteacher\/jak-rozpoznac-zanieczyszczenia-w-grzybni\/\">Growkit<\/a> kupisz tutaj: <a href=\"https:\/\/drpsy.eu\/sklep\/pl\/growkity\/2-growkit-golden-teacher-all-in-one-bezobslugowy.html\">Golden Teacher<\/a><\/p>\n<h2>Wst\u0119p<\/h2>\n<p><a href=\"https:\/\/drpsy.eu\/goldenteacher\/aresztowanie-szamana-prowadzacego-ceremonie-ayahuaski-w-polsce-szokuje-spolecznosc\/\">Ayahuasca<\/a> i <a href=\"https:\/\/drpsy.eu\/goldenteacher\/co-sie-dzieje-podczas-podrozy-z-grzybami\/\">magiczne grzyby<\/a> to dwa <a href=\"https:\/\/drpsy.eu\/goldenteacher\/naturalne-aromatyzujace-kadzidelka-w-ofercie-mykology\/\">naturalne<\/a> <a href=\"https:\/\/drpsy.eu\/goldenteacher\/rosnie-popularnosc-mikrodawkowania-substancji-psychodelicznych-wsrod-ludzi\/\">substancje psychodeliczne<\/a>, kt\u00f3re zyskuj\u0105 na popularno\u015bci. <a href=\"https:\/\/drpsy.eu\/goldenteacher\/4-sposoby-w-jakie-psilocybina-moze-poprawic-wyniki-sportowe\/\">Badania<\/a> sugeruj\u0105, \u017ce mog\u0105 one mie\u0107 szereg <a href=\"https:\/\/drpsy.eu\/goldenteacher\/mikrodawkowanie-i-psychoaktywne-grzyby-zyskuja-popularnosc-w-usa\/\">korzy\u015bci<\/a> terapeutycznych, co przyczyni\u0142o si\u0119 do wi\u0119kszego akceptowania tych pot\u0119\u017cnych substancji w ostatnich latach.<\/p>\n<p>Wi\u0119c jak dzia\u0142aj\u0105, jakie s\u0105 ich <a href=\"https:\/\/drpsy.eu\/goldenteacher\/jak-dlugo-dziala-lsd-i-jakie-sa-jego-efekty-na-organizm\/\">efekty<\/a> i czy jedno jest lepsze od drugiego? Przyjrzyjmy si\u0119 podobie\u0144stwom i r\u00f3\u017cnicom w tym por\u00f3wnaniu twarz\u0105 w twarz. Zapraszamy do lektury naszego kompletnego przewodnika po <a href=\"https:\/\/drpsy.eu\/goldenteacher\/aresztowanie-szamana-prowadzacego-ceremonie-ayahuaski-w-polsce-szokuje-spolecznosc\/\">ayahuasca<\/a> kontra grzybach.<\/p>\n<h2>Magiczne Grzyby kontra Ayahuasca: Kr\u00f3tkie wprowadzenie<\/h2>\n<p>Termin &#8222;magiczne grzyby&#8221; odnosi si\u0119 do dowolnego grzyba, kt\u00f3ry zawiera aktywny sk\u0142adnik psilocybin\u0119 lub jej pochodn\u0105, psilocyn\u0119. Istnieje co najmniej 180 r\u00f3\u017cnych gatunk\u00f3w, kt\u00f3re rosn\u0105 w r\u00f3\u017cnych regionach na ca\u0142ym \u015bwiecie. Cz\u0119sto m\u00f3wi si\u0119 na nie po prostu &#8222;grzyby&#8221;.<\/p>\n<p>Ludzie u\u017cywaj\u0105 magicznych grzyb\u00f3w rekreacyjnie i rytualnie od tysi\u0119cy lat. Jednak dopiero w ostatnich dekadach zacz\u0119li\u015bmy zdawa\u0107 sobie spraw\u0119 z ich potencja\u0142u terapeutycznego. Wsp\u00f3\u0142czesne <a href=\"https:\/\/drpsy.eu\/goldenteacher\/4-sposoby-w-jakie-psilocybina-moze-poprawic-wyniki-sportowe\/\">badania<\/a> sugeruj\u0105, \u017ce <a href=\"https:\/\/drpsy.eu\/goldenteacher\/4-sposoby-w-jakie-psilocybina-moze-poprawic-wyniki-sportowe\/\">psilocybina<\/a> mog\u0142aby pom\u00f3c w leczeniu r\u00f3\u017cnych schorze\u0144, w tym:<\/p>\n<ul>\n<li>Depresji<\/li>\n<li>L\u0119ku<\/li>\n<li>Zaburze\u0144 obsesyjno-kompulsyjnych (<a href=\"https:\/\/drpsy.eu\/goldenteacher\/truffles-nowe-nadzieje-w-walce-z-zaburzeniami-obsesyjno-kompulsyjnymi\/\">OCD<\/a>)<\/li>\n<li>Uzale\u017cnie\u0144<\/li>\n<\/ul>\n<p>Naukowcy badaj\u0105 r\u00f3wnie\u017c potencja\u0142 psilocybiny jako leku na b\u00f3le g\u0142owy typu cluster i migreny.<\/p>\n<p><a href=\"https:\/\/drpsy.eu\/goldenteacher\/aresztowanie-szamana-prowadzacego-ceremonie-ayahuaski-w-polsce-szokuje-spolecznosc\/\">Ayahuasca<\/a> to psychodeliczny nap\u00f3j, kt\u00f3ry powsta\u0142 w Amazonii. Tubylcy u\u017cywaj\u0105 go od wiek\u00f3w do cel\u00f3w duchowych i rytualnych, a teraz zyskuje popularno\u015b\u0107 r\u00f3wnie\u017c w innych miejscach.<\/p>\n<p>Nap\u00f3j sk\u0142ada si\u0119 z kilku r\u00f3\u017cnych ro\u015blin, chocia\u017c kluczowymi sk\u0142adnikami s\u0105 Psychotria viridis i Banisteriopsis caapi. Li\u015bcie P. viridis zawieraj\u0105 pot\u0119\u017cny psychodeliczny zwi\u0105zek N-N-dimetylotryptamina (<a href=\"https:\/\/drpsy.eu\/goldenteacher\/dlaczego-dmt-prowadzi-do-doswiadczania-bytow-i-elfow\/\">DMT<\/a>). Tymczasem kora <a href=\"https:\/\/drpsy.eu\/goldenteacher\/growkit-b-instrukcja\/\">B<\/a>. caapi zawiera substancje chemiczne, kt\u00f3re wyd\u0142u\u017caj\u0105 <a href=\"https:\/\/drpsy.eu\/goldenteacher\/jak-dlugo-dziala-lsd-i-co-warto-o-tym-wiedziec\/\">dzia\u0142anie<\/a> <a href=\"https:\/\/drpsy.eu\/goldenteacher\/dlaczego-dmt-prowadzi-do-doswiadczania-bytow-i-elfow\/\">DMT<\/a>.<\/p>\n<p><a href=\"https:\/\/drpsy.eu\/goldenteacher\/4-sposoby-w-jakie-psilocybina-moze-poprawic-wyniki-sportowe\/\">Badania<\/a> nad korzy\u015bciami z ayahuaski sugeruj\u0105, \u017ce to po\u0142\u0105czenie mo\u017ce by\u0107 przydatne w leczeniu depresji i uzale\u017cnie\u0144. Mo\u017ce r\u00f3wnie\u017c promowa\u0107 proces zwanym neurogenez\u0105, wspomagaj\u0105c <a href=\"https:\/\/drpsy.eu\/goldenteacher\/deszcz-potrzebny-do-wzrostu-smakowitych-grzybow\/\">wzrost<\/a> nowych kom\u00f3rek m\u00f3zgu.<\/p>\n<p>Przyjrzyjmy si\u0119 bli\u017cej grzybom kontra <a href=\"https:\/\/drpsy.eu\/goldenteacher\/aresztowanie-szamana-prowadzacego-ceremonie-ayahuaski-w-polsce-szokuje-spolecznosc\/\">ayahuasca<\/a> pod k\u0105tem tych aktywnych sk\u0142adnik\u00f3w.<\/p>\n<p>&nbsp;<\/p>\n<div id=\"attachment_2347\" style=\"width: 1034px\" class=\"wp-caption aligncenter\"><a href=\"https:\/\/drpsy.eu\/wp-content\/uploads\/2023\/07\/c4687c56-e43a-48d9-9b97-224bc9012ee9.jfif\"><img decoding=\"async\" aria-describedby=\"caption-attachment-2347\" class=\"size-full wp-image-2347\" src=\"https:\/\/drpsy.eu\/wp-content\/uploads\/2023\/07\/c4687c56-e43a-48d9-9b97-224bc9012ee9.jfif\" alt=\"Ayahuasca kontra grzyby: Podobie\u0144stwa i r\u00f3\u017cnice\" width=\"1024\" height=\"1024\" title=\"Golden Teacher\"><\/a><p id=\"caption-attachment-2347\" class=\"wp-caption-text\"><a href=\"https:\/\/drpsy.eu\/goldenteacher\/aresztowanie-szamana-prowadzacego-ceremonie-ayahuaski-w-polsce-szokuje-spolecznosc\/\">Ayahuasca<\/a> kontra <a href=\"https:\/\/drpsy.eu\/goldenteacher\/lysiczka-lancetowata-tajemniczy-grzyb-o-wielu-twarzach\/\">grzyby<\/a>: Podobie\u0144stwa i <a href=\"https:\/\/drpsy.eu\/goldenteacher\/roznorodnosc-grzybow-psilocybiny-czy-istnieja-istotne-roznice\/\">r\u00f3\u017cnice<\/a><\/p><\/div>\n<h2>Ayahuasca kontra Magiczne Grzyby: Aktywne Sk\u0142adniki<\/h2>\n<p>Jak wspomniano, <a href=\"https:\/\/drpsy.eu\/goldenteacher\/co-sie-dzieje-podczas-podrozy-z-grzybami\/\">magiczne grzyby<\/a> zawieraj\u0105 aktywny sk\u0142adnik, psilocybin\u0119. Ten zwi\u0105zek chemiczny ma podobn\u0105 struktur\u0119 chemiczn\u0105 do serotoniny i wi\u0105\u017ce si\u0119 z jej receptorami w m\u00f3zgu. G\u0142\u00f3wnie <a href=\"https:\/\/drpsy.eu\/goldenteacher\/4-sposoby-w-jakie-psilocybina-moze-poprawic-wyniki-sportowe\/\">psilocybina<\/a> wi\u0105\u017ce si\u0119 z receptorami serotoniny znanymi jako 5HT2A, aby wywo\u0142a\u0107 swoje <a href=\"https:\/\/drpsy.eu\/goldenteacher\/psilocybe-cubensis-to-najpopularniejszy-gatunek-grzybow-psychodelicznych\/\">psychodeliczne<\/a> <a href=\"https:\/\/drpsy.eu\/goldenteacher\/jak-dlugo-dziala-lsd-i-jakie-sa-jego-efekty-na-organizm\/\">efekty<\/a>.<\/p>\n<p>Sk\u0142ad chemiczny ayahuaski jest znacznie bardziej skomplikowany ni\u017c grzyb\u00f3w.<\/p>\n<p>Kiedy patrzymy na aktywne sk\u0142adniki ayahuaski kontra <a href=\"https:\/\/drpsy.eu\/goldenteacher\/4-sposoby-w-jakie-psilocybina-moze-poprawic-wyniki-sportowe\/\">psilocybina<\/a>, istniej\u0105 pewne istotne podobie\u0144stwa. Jednak sk\u0142ad chemiczny ayahuaski jest znacznie bardziej skomplikowany ni\u017c grzyb\u00f3w.<\/p>\n<p>Jaki jest aktywny zwi\u0105zek chemiczny w ayahuasce? Niekt\u00f3rzy uwa\u017caj\u0105, \u017ce najwa\u017cniejszym sk\u0142adnikiem chemicznym ayahuaski jest <a href=\"https:\/\/drpsy.eu\/goldenteacher\/dlaczego-dmt-prowadzi-do-doswiadczania-bytow-i-elfow\/\">DMT<\/a>. Podobnie jak <a href=\"https:\/\/drpsy.eu\/goldenteacher\/4-sposoby-w-jakie-psilocybina-moze-poprawic-wyniki-sportowe\/\">psilocybina<\/a>, wi\u0105\u017ce si\u0119 z receptorami 5HT2A w m\u00f3zgu, wywo\u0142uj\u0105c swoje <a href=\"https:\/\/drpsy.eu\/goldenteacher\/jak-dlugo-dziala-lsd-i-jakie-sa-jego-efekty-na-organizm\/\">efekty<\/a> <a href=\"https:\/\/drpsy.eu\/goldenteacher\/psilocybe-cubensis-to-najpopularniejszy-gatunek-grzybow-psychodelicznych\/\">psychodeliczne<\/a>.<\/p>\n<p>Jednak <a href=\"https:\/\/drpsy.eu\/goldenteacher\/dlaczego-dmt-prowadzi-do-doswiadczania-bytow-i-elfow\/\">DMT<\/a> samodzielnie jest niewiele warte, gdy jest spo\u017cywane doustnie. Enzymy w naszym uk\u0142adzie pokarmowym, zwane monoaminooksydazami (MAO), szybko go rozk\u0142adaj\u0105. To tutaj pojawia si\u0119 rola Banisteriopsis caapi.<\/p>\n<p><a href=\"https:\/\/drpsy.eu\/goldenteacher\/growkit-b-instrukcja\/\">B<\/a>. caapi zawiera inhibitory monoaminooksydazy (MAOI), kt\u00f3re zapobiegaj\u0105 rozk\u0142adowi <a href=\"https:\/\/drpsy.eu\/goldenteacher\/dlaczego-dmt-prowadzi-do-doswiadczania-bytow-i-elfow\/\">DMT<\/a> przez MAO. Dzi\u0119ki temu <a href=\"https:\/\/drpsy.eu\/goldenteacher\/dlaczego-dmt-prowadzi-do-doswiadczania-bytow-i-elfow\/\">DMT<\/a> jest w stanie przedosta\u0107 si\u0119 do uk\u0142adu krwiono\u015bnego i na\u015bladowa\u0107 serotonine w m\u00f3zgu, wywo\u0142uj\u0105c <a href=\"https:\/\/drpsy.eu\/goldenteacher\/psilocybe-cubensis-to-najpopularniejszy-gatunek-grzybow-psychodelicznych\/\">psychodeliczne<\/a> <a href=\"https:\/\/drpsy.eu\/goldenteacher\/jak-dlugo-dziala-lsd-i-jakie-sa-jego-efekty-na-organizm\/\">efekty<\/a>.<\/p>\n<p>Dlatego te\u017c, cho\u0107 <a href=\"https:\/\/drpsy.eu\/goldenteacher\/dlaczego-dmt-prowadzi-do-doswiadczania-bytow-i-elfow\/\">DMT<\/a> jest kluczowym sk\u0142adnikiem chemicznym w ayahuasce, MAOI z <a href=\"https:\/\/drpsy.eu\/goldenteacher\/growkit-b-instrukcja\/\">B<\/a>. caapi s\u0105 r\u00f3wnie wa\u017cne.<\/p>\n<p>&nbsp;<\/p>\n<div id=\"attachment_2348\" style=\"width: 1034px\" class=\"wp-caption aligncenter\"><a href=\"https:\/\/drpsy.eu\/wp-content\/uploads\/2023\/07\/5917fdac-50ba-4521-9363-fda9f970b7a2.jfif\"><img decoding=\"async\" aria-describedby=\"caption-attachment-2348\" class=\"size-full wp-image-2348\" src=\"https:\/\/drpsy.eu\/wp-content\/uploads\/2023\/07\/5917fdac-50ba-4521-9363-fda9f970b7a2.jfif\" alt=\"Ayahuasca kontra grzyby: Podobie\u0144stwa i r\u00f3\u017cnice\" width=\"1024\" height=\"1024\" title=\"Golden Teacher\"><\/a><p id=\"caption-attachment-2348\" class=\"wp-caption-text\"><a href=\"https:\/\/drpsy.eu\/goldenteacher\/aresztowanie-szamana-prowadzacego-ceremonie-ayahuaski-w-polsce-szokuje-spolecznosc\/\">Ayahuasca<\/a> kontra <a href=\"https:\/\/drpsy.eu\/goldenteacher\/lysiczka-lancetowata-tajemniczy-grzyb-o-wielu-twarzach\/\">grzyby<\/a>: Podobie\u0144stwa i <a href=\"https:\/\/drpsy.eu\/goldenteacher\/roznorodnosc-grzybow-psilocybiny-czy-istnieja-istotne-roznice\/\">r\u00f3\u017cnice<\/a><\/p><\/div>\n<h2>Bezpiecze\u0144stwo U\u017cytkowania: Magiczne Grzyby i Ayahuasca<\/h2>\n<p><a href=\"https:\/\/drpsy.eu\/goldenteacher\/co-sie-dzieje-podczas-podrozy-z-grzybami\/\">Magiczne grzyby<\/a> s\u0105 og\u00f3lnie uwa\u017cane za bezpieczne, pod warunkiem, \u017ce s\u0105 u\u017cywane odpowiednio. Istnieje niewiele dowod\u00f3w na to, \u017ce <a href=\"https:\/\/drpsy.eu\/goldenteacher\/4-sposoby-w-jakie-psilocybina-moze-poprawic-wyniki-sportowe\/\">psilocybina<\/a> powoduje d\u0142ugotrwa\u0142e problemy zdrowotne. Jednak mo\u017ce powodowa\u0107 kr\u00f3tkotrwa\u0142e <a href=\"https:\/\/drpsy.eu\/goldenteacher\/jak-dlugo-dziala-lsd-i-jakie-sa-jego-efekty-na-organizm\/\">efekty<\/a> uboczne, takie jak nudno\u015bci, wymioty, biegunk\u0119 i dr\u017cenie mi\u0119\u015bni.<\/p>\n<p>Jednak najwi\u0119kszym ryzykiem zwi\u0105zanym z u\u017cywaniem magicznych grzyb\u00f3w s\u0105 prawdopodobnie niekorzystne <a href=\"https:\/\/drpsy.eu\/goldenteacher\/jak-dlugo-dziala-lsd-i-jakie-sa-jego-efekty-na-organizm\/\">efekty<\/a> psychiczne. Mog\u0105 one powodowa\u0107 intensywne <a href=\"https:\/\/drpsy.eu\/goldenteacher\/mezczyzna-odcina-sobie-penisa-po-zazyciu-halucynogennych-grzybow\/\">halucynacje<\/a>, kt\u00f3re mog\u0105 by\u0107 niepokoj\u0105ce, szczeg\u00f3lnie dla os\u00f3b, kt\u00f3re nie maj\u0105 <a href=\"https:\/\/drpsy.eu\/goldenteacher\/dlaczego-dmt-prowadzi-do-doswiadczania-bytow-i-elfow\/\">do\u015bwiadczenia<\/a> z psychodelikami.<\/p>\n<p><a href=\"https:\/\/drpsy.eu\/goldenteacher\/aresztowanie-szamana-prowadzacego-ceremonie-ayahuaski-w-polsce-szokuje-spolecznosc\/\">Ayahuasca<\/a> ma d\u0142ug\u0105 histori\u0119 bezpiecznego u\u017cytkowania w kontek\u015bcie tradycyjnych rytua\u0142\u00f3w i ceremonii. Jednak jak ka\u017cda substancja psychoaktywna, niesie pewne <a href=\"https:\/\/drpsy.eu\/goldenteacher\/psylocybina-z-magicznych-grzybow-a-depresja-zalety-i-ryzyko\/\">ryzyko<\/a>.<\/p>\n<p>Fizyczne <a href=\"https:\/\/drpsy.eu\/goldenteacher\/jak-dlugo-dziala-lsd-i-jakie-sa-jego-efekty-na-organizm\/\">efekty<\/a> uboczne ayahuaski mog\u0105 obejmowa\u0107 wymioty, biegunk\u0119, poty, zwi\u0119kszone t\u0119tno i ci\u015bnienie krwi. Psychicznie, mo\u017ce wywo\u0142a\u0107 intensywne wizje i emocjonalne <a href=\"https:\/\/drpsy.eu\/goldenteacher\/dlaczego-dmt-prowadzi-do-doswiadczania-bytow-i-elfow\/\">do\u015bwiadczenia<\/a>, kt\u00f3re mog\u0105 by\u0107 zar\u00f3wno oczyszczaj\u0105ce, jak i niepokoj\u0105ce.<\/p>\n<p>Jednak jednym z najwi\u0119kszych problem\u00f3w z ayahuask\u0105 jest potencjalne <a href=\"https:\/\/drpsy.eu\/goldenteacher\/psylocybina-z-magicznych-grzybow-a-depresja-zalety-i-ryzyko\/\">ryzyko<\/a> interakcji z lekami na recept\u0119 i niekt\u00f3rymi pokarmami. MAOI w <a href=\"https:\/\/drpsy.eu\/goldenteacher\/growkit-b-instrukcja\/\">B<\/a>. caapi mog\u0105 powodowa\u0107 powa\u017cne skutki uboczne, gdy s\u0105 \u0142\u0105czone z pewnymi substancjami, zw\u0142aszcza z lekami przeciwdepresyjnymi <a href=\"https:\/\/drpsy.eu\/goldenteacher\/psylocybina-skuteczniejsza-od-ssri-w-terapii-depresji\/\">SSRI<\/a>.<\/p>\n<p>Dlatego przed spo\u017cyciem ayahuaski zawsze nale\u017cy skonsultowa\u0107 si\u0119 z lekarzem, szczeg\u00f3lnie je\u015bli za\u017cywasz jakiekolwiek leki na recept\u0119.<\/p>\n<div id=\"attachment_2349\" style=\"width: 1034px\" class=\"wp-caption aligncenter\"><a href=\"https:\/\/drpsy.eu\/wp-content\/uploads\/2023\/07\/70b6aa26-be6a-4e6f-92a0-6183980f159e.jfif\"><img decoding=\"async\" aria-describedby=\"caption-attachment-2349\" class=\"size-full wp-image-2349\" src=\"https:\/\/drpsy.eu\/wp-content\/uploads\/2023\/07\/70b6aa26-be6a-4e6f-92a0-6183980f159e.jfif\" alt=\"Bezpiecze\u0144stwo U\u017cytkowania: Magiczne Grzyby i Ayahuasca\" width=\"1024\" height=\"1024\" title=\"Golden Teacher\"><\/a><p id=\"caption-attachment-2349\" class=\"wp-caption-text\"><a href=\"https:\/\/drpsy.eu\/goldenteacher\/badania-uc-san-diego-ostrzegaja-przed-nieuregulowanymi-grzybami-halucynogennymi\/\">Bezpiecze\u0144stwo<\/a> U\u017cytkowania: <a href=\"https:\/\/drpsy.eu\/goldenteacher\/co-sie-dzieje-podczas-podrozy-z-grzybami\/\">Magiczne Grzyby<\/a> i <a href=\"https:\/\/drpsy.eu\/goldenteacher\/aresztowanie-szamana-prowadzacego-ceremonie-ayahuaski-w-polsce-szokuje-spolecznosc\/\">Ayahuasca<\/a><\/p><\/div>\n<h2>Podsumowanie: Magiczne Grzyby vs Ayahuasca<\/h2>\n<p>Cho\u0107 <a href=\"https:\/\/drpsy.eu\/goldenteacher\/co-sie-dzieje-podczas-podrozy-z-grzybami\/\">magiczne grzyby<\/a> i <a href=\"https:\/\/drpsy.eu\/goldenteacher\/aresztowanie-szamana-prowadzacego-ceremonie-ayahuaski-w-polsce-szokuje-spolecznosc\/\">ayahuasca<\/a> maj\u0105 wiele wsp\u00f3lnych cech, s\u0105 te\u017c zasadniczo r\u00f3\u017cne. <a href=\"https:\/\/drpsy.eu\/goldenteacher\/lysiczka-lancetowata-tajemniczy-grzyb-o-wielu-twarzach\/\">Grzyby<\/a> s\u0105 bardziej dost\u0119pne i \u0142atwiejsze w u\u017cyciu, co mo\u017ce je czyni\u0107 atrakcyjniejszymi dla niekt\u00f3rych os\u00f3b.<\/p>\n<p><a href=\"https:\/\/drpsy.eu\/goldenteacher\/aresztowanie-szamana-prowadzacego-ceremonie-ayahuaski-w-polsce-szokuje-spolecznosc\/\">Ayahuasca<\/a>, z drugiej strony, oferuje unikalne do\u015bwiadczenie, kt\u00f3re mo\u017ce prowadzi\u0107 do g\u0142\u0119bokich przemian osobistych. Jednak jej skomplikowany sk\u0142ad chemiczny i potencjalne <a href=\"https:\/\/drpsy.eu\/goldenteacher\/psylocybina-z-magicznych-grzybow-a-depresja-zalety-i-ryzyko\/\">ryzyko<\/a> interakcji lekowych mog\u0105 j\u0105 czyni\u0107 mniej odpowiedni\u0105 dla niekt\u00f3rych os\u00f3b.<\/p>\n<p>Pami\u0119taj, \u017ce obie te substancje s\u0105 silnymi psychodelikami i powinny by\u0107 u\u017cywane z du\u017c\u0105 ostro\u017cno\u015bci\u0105. Zawsze nale\u017cy skonsultowa\u0107 si\u0119 z lekarzem przed rozpocz\u0119ciem jakiejkolwiek nowej terapii lub zmiany w obecnym planie leczenia.<\/p>\n<p>Na koniec, zar\u00f3wno <a href=\"https:\/\/drpsy.eu\/goldenteacher\/co-sie-dzieje-podczas-podrozy-z-grzybami\/\">magiczne grzyby<\/a>, jak i <a href=\"https:\/\/drpsy.eu\/goldenteacher\/aresztowanie-szamana-prowadzacego-ceremonie-ayahuaski-w-polsce-szokuje-spolecznosc\/\">ayahuasca<\/a> s\u0105 w wielu miejscach nielegalne. Upewnij si\u0119, \u017ce wiesz, jakie s\u0105 prawa w Twoim miejscu zamieszkania zanim zdecydujesz si\u0119 na ich spo\u017cycie.<\/p>\n<p>&nbsp;<\/p>\n<ol>\n<li><a href=\"https:\/\/www.healthline.com\/health\/ayahuasca-vs-shrooms\" target=\"_new\" rel=\"noopener nofollow\">Healthline: Ayahuasca vs. Shrooms<\/a><\/li>\n<li><a href=\"https:\/\/doubleblindmag.com\/ayahuasca-vs-shrooms\/\" target=\"_new\" rel=\"noopener nofollow\">DoubleBlind: Ayahuasca vs. Shrooms<\/a><\/li>\n<li><a href=\"https:\/\/www.trufflemagic.com\/blog\/ayahuasca-vs-magic-mushrooms\/\" target=\"_new\" rel=\"noopener nofollow\">TruffleMagic: Ayahuasca vs. Magic Mushrooms<\/a><\/li>\n<\/ol>\n","protected":false},"excerpt":{"rendered":"<p>Uwaga: Informacje zawarte w tym artykule maj\u0105 wy\u0142\u0105cznie charakter informacyjny. Drpsy.eu nie propaguje nielegalnej sprzeda\u017cy, u\u017cytkowania ani posiadania jakichkolwiek substancji psychodelicznych. Zawsze upewnij si\u0119, \u017ce badasz, rozumiesz i przestrzegasz wszystkich praw i regulacji zwi\u0105zanych z u\u017cywaniem i posiadaniem substancji psychodelicznych w swoim stanie lub regionie. Growkit kupisz tutaj: Golden Teacher Wst\u0119p Ayahuasca i magiczne grzyby [&hellip;]<\/p>\n","protected":false},"author":990003,"featured_media":2346,"parent":0,"menu_order":0,"comment_status":"closed","ping_status":"closed","template":"","meta":{"footnotes":""},"class_list":["post-2345","page","type-page","status-publish","has-post-thumbnail","hentry"],"_links":{"self":[{"href":"https:\/\/drpsy.eu\/goldenteacher\/wp-json\/wp\/v2\/pages\/2345","targetHints":{"allow":["GET"]}}],"collection":[{"href":"https:\/\/drpsy.eu\/goldenteacher\/wp-json\/wp\/v2\/pages"}],"about":[{"href":"https:\/\/drpsy.eu\/goldenteacher\/wp-json\/wp\/v2\/types\/page"}],"author":[{"embeddable":true,"href":"https:\/\/drpsy.eu\/goldenteacher\/wp-json\/wp\/v2\/users\/990003"}],"replies":[{"embeddable":true,"href":"https:\/\/drpsy.eu\/goldenteacher\/wp-json\/wp\/v2\/comments?post=2345"}],"version-history":[{"count":4,"href":"https:\/\/drpsy.eu\/goldenteacher\/wp-json\/wp\/v2\/pages\/2345\/revisions"}],"predecessor-version":[{"id":2353,"href":"https:\/\/drpsy.eu\/goldenteacher\/wp-json\/wp\/v2\/pages\/2345\/revisions\/2353"}],"wp:featuredmedia":[{"embeddable":true,"href":"https:\/\/drpsy.eu\/goldenteacher\/wp-json\/wp\/v2\/media\/2346"}],"wp:attachment":[{"href":"https:\/\/drpsy.eu\/goldenteacher\/wp-json\/wp\/v2\/media?parent=2345"}],"curies":[{"name":"wp","href":"https:\/\/api.w.org\/{rel}","templated":true}]}}