{"id":313,"date":"2016-07-07T09:38:17","date_gmt":"2016-07-07T09:38:17","guid":{"rendered":"http:\/\/mushroom-farm.ancorathemes.com\/?page_id=313"},"modified":"2023-07-27T21:15:47","modified_gmt":"2023-07-27T21:15:47","slug":"home_pl-2","status":"publish","type":"page","link":"https:\/\/drpsy.eu\/goldenteacher\/","title":{"rendered":"Growkit Golden Teacher | DRPSY.eu"},"content":{"rendered":"<div class=\"wpb-content-wrapper\"><p>[vc_row full_width=&#8221;stretch_row&#8221; css=&#8221;.vc_custom_1469470634125{background-color: #edf0eb !important;}&#8221;][vc_column css=&#8221;.vc_custom_1469525203354{margin-bottom: -1.1rem !important;}&#8221;]<div class=\"columns_wrap sc_columns columns_nofluid sc_columns_count_3\" data-equal-height=\".sc_column_item\"><div class=\"column-1_3 sc_column_item sc_column_item_1 odd first\">[vc_empty_space height=&#8221;1.7rem&#8221;]<figure class=\"sc_image  alignright sc_image_shape_round margin_top_tiny margin_bottom_large\" style=\"width:191px;height:127px;\"><img decoding=\"async\" src=\"https:\/\/drpsy.eu\/goldenteacher\/wp-content\/uploads\/2022\/05\/dr-psy-lukasz-191x127.jpg\" alt=\"golden teacher\" title=\"Golden Teacher\"><\/figure><\/div><div class=\"column-2_3 sc_column_item sc_column_item_2 even span_2\">[vc_empty_space height=&#8221;1.5rem&#8221;]<h5 class=\"sc_title sc_title_regular margin_top_small\" style=\"margin-left: 2px; margin-bottom: 0.6rem;\">Growkity Golden Teacher<\/h5><span class=\"sc_highlight\" style=\"margin-left: 0.5rem;display: block;letter-spacing: 0.17px;max-width: 670px;color:#969188;font-size:18px; line-height: 1.45em;\">Staramy si\u0119 oferowa\u0107 najczystsze i najbardziej poszukiwane zarodniki grzyb\u00f3w Psylocybinowych na rynku. Stale dodajemy najnowsze odmiany do naszej kolekcji Magicznych Zarodnik\u00f3w Grzyb\u00f3w. Sklep growkity Golden Teacher<\/span>[vc_empty_space height=&#8221;2rem&#8221;]<\/div><\/div>[\/vc_column][\/vc_row][vc_row][vc_column css=&#8221;.vc_custom_1469525538426{margin-top: -0.2rem !important;margin-bottom: 0.5rem !important;}&#8221;][vc_column_text]<\/p>\n<h1 style=\"text-align: center;\">Golden Teacher<\/h1>\n<p>[\/vc_column_text]<div id=\"sc_services_1426664414_wrap\" class=\"sc_services_wrap\"><div id=\"sc_services_1426664414\" class=\"sc_services sc_services_style_services-1 sc_services_type_icons  mushrooms_blog margin_top_huge margin_bottom_large\" style=\"width:100%;\"><div class=\"sc_columns columns_wrap\"><div class=\"column-1_4 column_padding_bottom\">\t\t\t<div id=\"sc_services_1426664414_1\"\t\t\t\tclass=\"sc_services_item sc_services_item_1 odd first\"\n\t\t\t\t>\n\t\t\t\t<a href=\"https:\/\/drpsy.eu\/goldenteacher\/services\/genetyka-psylocybinowa\/\"><span class=\"sc_icon icon-2\"><\/span><\/a>\t\t\t\t<div class=\"sc_services_item_content\">\n\t\t\t\t\t<h4 class=\"sc_services_item_title\"><a href=\"https:\/\/drpsy.eu\/goldenteacher\/services\/genetyka-psylocybinowa\/\">Najlepsza genetyka psylocybinowa<\/a><\/h4>\n\t\t\t\t\t<div class=\"sc_services_item_description\">\n\t\t\t\t\t\t<p>drPSY oferuje najnowsze dost\u0119pne odmiany genetyki zarodnik\u00f3w. Nowe odmiany s\u0105 cz\u0119sto dodawane.<\/p>\t\t\t\t\t<\/div>\n\t\t\t\t<\/div>\n\t\t\t<\/div>\n\t\t<\/div><div class=\"column-1_4 column_padding_bottom\">\t\t\t<div id=\"sc_services_1426664414_2\"\t\t\t\tclass=\"sc_services_item sc_services_item_2 even\"\n\t\t\t\t>\n\t\t\t\t<a href=\"https:\/\/drpsy.eu\/goldenteacher\/services\/rzadkie-zarodniki-grzybow-psylocybinowych\/\"><span class=\"sc_icon icon-3\"><\/span><\/a>\t\t\t\t<div class=\"sc_services_item_content\">\n\t\t\t\t\t<h4 class=\"sc_services_item_title\"><a href=\"https:\/\/drpsy.eu\/goldenteacher\/services\/rzadkie-zarodniki-grzybow-psylocybinowych\/\">Rzadkie zarodniki grzyb\u00f3w psylocybinowych<\/a><\/h4>\n\t\t\t\t\t<div class=\"sc_services_item_description\">\n\t\t\t\t\t\t<p>Kiedy potrzebujesz najrzadszych, najczystszych i najbardziej ol\u015bniewaj\u0105cych zarodnik\u00f3w grzyb\u00f3w psylocybinowych do swoich domowych bada\u0144, jeste\u015bmy...<\/p>\t\t\t\t\t<\/div>\n\t\t\t\t<\/div>\n\t\t\t<\/div>\n\t\t<\/div><div class=\"column-1_4 column_padding_bottom\">\t\t\t<div id=\"sc_services_1426664414_3\"\t\t\t\tclass=\"sc_services_item sc_services_item_3 odd\"\n\t\t\t\t>\n\t\t\t\t<a href=\"https:\/\/drpsy.eu\/goldenteacher\/services\/z-milosci-do-grzybow-psylocybinowych\/\"><span class=\"sc_icon icon-4\"><\/span><\/a>\t\t\t\t<div class=\"sc_services_item_content\">\n\t\t\t\t\t<h4 class=\"sc_services_item_title\"><a href=\"https:\/\/drpsy.eu\/goldenteacher\/services\/z-milosci-do-grzybow-psylocybinowych\/\">Z mi\u0142o\u015bci do grzyb\u00f3w psylocybinowych<\/a><\/h4>\n\t\t\t\t\t<div class=\"sc_services_item_description\">\n\t\t\t\t\t\t<p>DrPsy ma gwarancj\u0119 100% satysfakcji klienta. Z mi\u0142o\u015bci do grzyb\u00f3w psylocybinowych<\/p>\t\t\t\t\t<\/div>\n\t\t\t\t<\/div>\n\t\t\t<\/div>\n\t\t<\/div><div class=\"column-1_4 column_padding_bottom\">\t\t\t<div id=\"sc_services_1426664414_4\"\t\t\t\tclass=\"sc_services_item sc_services_item_4 even\"\n\t\t\t\t>\n\t\t\t\t<a href=\"https:\/\/drpsy.eu\/goldenteacher\/services\/zarodniki-magicznych-grzybow-psylocybinowych\/\"><span class=\"sc_icon icon-5\"><\/span><\/a>\t\t\t\t<div class=\"sc_services_item_content\">\n\t\t\t\t\t<h4 class=\"sc_services_item_title\"><a href=\"https:\/\/drpsy.eu\/goldenteacher\/services\/zarodniki-magicznych-grzybow-psylocybinowych\/\">Zarodniki magicznych grzyb\u00f3w psylocybinowych<\/a><\/h4>\n\t\t\t\t\t<div class=\"sc_services_item_description\">\n\t\t\t\t\t\t<p>DrPsy specjalizuje si\u0119 w sprzeda\u017cy grzybami psylocybinowymi. Wolna od zanieczyszcze\u0144 genetyka rzadkich grzyb\u00f3w psylocybinowych<\/p>\t\t\t\t\t<\/div>\n\t\t\t\t<\/div>\n\t\t\t<\/div>\n\t\t<\/div><\/div><\/div><!-- \/.sc_services --><\/div><!-- \/.sc_services_wrap -->[\/vc_column][\/vc_row][vc_row full_width=&#8221;stretch_row&#8221; css=&#8221;.vc_custom_1467808567954{background-color: #edf0eb !important;}&#8221;][vc_column css=&#8221;.vc_custom_1468927187508{margin-bottom: 2.5rem !important;}&#8221;]<div id=\"sc_services_1853415354_wrap\" class=\"sc_services_wrap\"><div id=\"sc_services_1853415354\" class=\"sc_services sc_services_style_services-1 sc_services_type_images  margin_top_large margin_bottom_large\" style=\"width:100%;\"><h5 class=\"sc_services_title sc_item_title\">Golden Teacher - growkity<\/h5><div class=\"sc_services_descr sc_item_descr\">Jeste\u015bmy pasjonatami genetyki rzadkich zarodnik\u00f3w grzyb\u00f3w<\/div><div class=\"sc_columns columns_wrap\"><div class=\"column-1_3 column_padding_bottom\">\t\t\t<div id=\"sc_services_1853415354_1\"\t\t\t\tclass=\"sc_services_item sc_services_item_1 odd first\"\n\t\t\t\t>\n\t\t\t\t\t\t\t\t\t<div class=\"sc_services_item_featured post_featured\">\n\t\t\t\t\t\t\t<div class=\"post_thumb\" data-image=\"https:\/\/drpsy.eu\/goldenteacher\/wp-content\/uploads\/2022\/05\/drpsy-treasure-coast-768x768-1.jpg\" data-title=\"Z mi\u0142osci do grzyb\u00f3w\">\n\t<a class=\"hover_icon hover_icon_link\" href=\"https:\/\/drpsy.eu\/goldenteacher\/services\/z-milosci-do-grzybow\/\"><img decoding=\"async\" class=\"wp-post-image\" width=\"370\" height=\"240\" alt=\"Z mi\u0142osci do grzyb\u00f3w\" src=\"https:\/\/drpsy.eu\/goldenteacher\/wp-content\/uploads\/2022\/05\/drpsy-treasure-coast-768x768-1-370x240.jpg\" title=\"Golden Teacher\"><\/a>\t<\/div>\n\t\t\t\t\t\t<\/div>\n\t\t\t\t\t\t\t\t\t<div class=\"sc_services_item_content\">\n\t\t\t\t\t<h4 class=\"sc_services_item_title\"><a href=\"https:\/\/drpsy.eu\/goldenteacher\/services\/z-milosci-do-grzybow\/\">Z mi\u0142osci do grzyb\u00f3w<\/a><\/h4>\n\t\t\t\t\t<div class=\"sc_services_item_description\">\n\t\t\t\t\t\t<p>Prosta prawda jest taka, \u017ce kochamy grzyby psylocybinowe. Specjalizujemy si\u0119 w rzadkich zarodnikach grzyb\u00f3w psychodelicznych, kt\u00f3rych nie mo\u017cna...<\/p>\t\t\t\t\t<\/div>\n\t\t\t\t<\/div>\n\t\t\t<\/div>\n\t\t<\/div><div class=\"column-1_3 column_padding_bottom\">\t\t\t<div id=\"sc_services_1853415354_2\"\t\t\t\tclass=\"sc_services_item sc_services_item_2 even\"\n\t\t\t\t>\n\t\t\t\t\t\t\t\t\t<div class=\"sc_services_item_featured post_featured\">\n\t\t\t\t\t\t\t<div class=\"post_thumb\" data-image=\"https:\/\/drpsy.eu\/goldenteacher\/wp-content\/uploads\/2022\/04\/drpsy-jedi-mind-f-768x768-1.jpg\" data-title=\"Nasza misja\">\n\t<a class=\"hover_icon hover_icon_link\" href=\"https:\/\/drpsy.eu\/goldenteacher\/services\/nasza-misja\/\"><img decoding=\"async\" class=\"wp-post-image\" width=\"370\" height=\"240\" alt=\"Nasza misja\" src=\"https:\/\/drpsy.eu\/goldenteacher\/wp-content\/uploads\/2022\/04\/drpsy-jedi-mind-f-768x768-1-370x240.jpg\" title=\"Golden Teacher\"><\/a>\t<\/div>\n\t\t\t\t\t\t<\/div>\n\t\t\t\t\t\t\t\t\t<div class=\"sc_services_item_content\">\n\t\t\t\t\t<h4 class=\"sc_services_item_title\"><a href=\"https:\/\/drpsy.eu\/goldenteacher\/services\/nasza-misja\/\">Nasza misja<\/a><\/h4>\n\t\t\t\t\t<div class=\"sc_services_item_description\">\n\t\t\t\t\t\t<p>Nasz\u0105 misj\u0105 jest dostarczanie wysokiej jako\u015bci zarodnik\u00f3w growkit\u00f3w magicznych grzyb\u00f3w, a jednocze\u015bnie bycie sprzedawc\u0105 jednych z najrzadszych...<\/p>\t\t\t\t\t<\/div>\n\t\t\t\t<\/div>\n\t\t\t<\/div>\n\t\t<\/div><div class=\"column-1_3 column_padding_bottom\">\t\t\t<div id=\"sc_services_1853415354_3\"\t\t\t\tclass=\"sc_services_item sc_services_item_3 odd\"\n\t\t\t\t>\n\t\t\t\t\t\t\t\t\t<div class=\"sc_services_item_featured post_featured\">\n\t\t\t\t\t\t\t<div class=\"post_thumb\" data-image=\"https:\/\/drpsy.eu\/goldenteacher\/wp-content\/uploads\/2016\/07\/drpsy-riptide-mushroom-spores-768x768-1.jpg\" data-title=\"Zarodniki grzyb\u00f3w wysokiej jako\u015bci\">\n\t<a class=\"hover_icon hover_icon_link\" href=\"https:\/\/drpsy.eu\/goldenteacher\/services\/zarodniki-grzybow-wysokiej-jakosci\/\"><img decoding=\"async\" class=\"wp-post-image\" width=\"370\" height=\"240\" alt=\"Zarodniki grzyb\u00f3w wysokiej jako\u015bci\" src=\"https:\/\/drpsy.eu\/goldenteacher\/wp-content\/uploads\/2016\/07\/drpsy-riptide-mushroom-spores-768x768-1-370x240.jpg\" title=\"Golden Teacher\"><\/a>\t<\/div>\n\t\t\t\t\t\t<\/div>\n\t\t\t\t\t\t\t\t\t<div class=\"sc_services_item_content\">\n\t\t\t\t\t<h4 class=\"sc_services_item_title\"><a href=\"https:\/\/drpsy.eu\/goldenteacher\/services\/zarodniki-grzybow-wysokiej-jakosci\/\">Zarodniki grzyb\u00f3w wysokiej jako\u015bci<\/a><\/h4>\n\t\t\t\t\t<div class=\"sc_services_item_description\">\n\t\t\t\t\t\t<p>Nasz zesp\u00f3\u0142 to sami pasjonaci! Jeste\u015bmy internetowym sprzedawc\u0105 zarodnik\u00f3w laboratoryjnych najwy\u017cszej jako\u015bci.<\/p>\t\t\t\t\t<\/div>\n\t\t\t\t<\/div>\n\t\t\t<\/div>\n\t\t<\/div><\/div><div class=\"sc_services_button sc_item_button\"><a href=\"\/mikrodozowanie-grzybow-psylocybinowych\/\" class=\"sc_button sc_button_square sc_button_style_filled sc_button_size_medium\">MIKRODOZOWANIE<\/a><\/div><\/div><!-- \/.sc_services --><\/div><!-- \/.sc_services_wrap -->[\/vc_column][\/vc_row][vc_row][vc_column]<div class=\"sc_section margin_top_large aligncenter\"><div class=\"sc_section_inner\"><h5 class=\"sc_section_title sc_item_title\">SKLEP GOLDEN TEACHER<\/h5><div class=\"sc_section_descr sc_item_descr\">Poznaj nasz\u0105 bogat\u0105 ofert\u0119<\/div><div class=\"sc_section_content_wrap\"><\/div><div class=\"sc_section_button sc_item_button\"><a href=\"https:\/\/drpsy.eu\/\" class=\"sc_button sc_button_square sc_button_style_filled sc_button_size_medium\">KUP TERAZ<\/a><\/div><\/div><\/div>[\/vc_column][\/vc_row][vc_row][vc_column css=&#8221;.vc_custom_1469603758005{margin-bottom: 1.4rem !important;}&#8221;]<div id=\"sc_services_2071571006_wrap\" class=\"sc_services_wrap\"><div id=\"sc_services_2071571006\" class=\"sc_services sc_services_style_services-5 sc_services_type_icons  mushroom_img margin_top_large margin_bottom_huge\" style=\"width:100%;\"><h5 class=\"sc_services_title sc_item_title\">Korzy\u015bci zdrowotne mikrodozowania<\/h5><div class=\"sc_services_descr sc_item_descr\">Nie ma jeszcze wielu formalnych bada\u0144 nad t\u0105 praktyk\u0105, cz\u0119\u015bciowo dlatego, \u017ce wi\u0119kszo\u015b\u0107 substancji, kt\u00f3re ludzie mikrodawkuj\u0105, jest nielegalna i trudna do zbadania.<\/div><div class=\"sc_service_container sc_align_\"><div class=\"sc_services_image\"><img decoding=\"async\" src=\"https:\/\/drpsy.eu\/goldenteacher\/wp-content\/uploads\/2022\/04\/drpsy-mikrodozowanie-grzybow-psylocybinowych.jpg\" alt=\"golden teacher\" title=\"Golden Teacher\"><\/div><div class=\"sc_columns columns_wrap\"><div class=\"column-1_2 column_padding_bottom\">\t\t\t<div id=\"sc_services_2071571006_1\"\t\t\t\tclass=\"sc_services_item sc_services_item_1 odd first\"\n\t\t\t\t>\n\t\t\t\t<a href=\"https:\/\/drpsy.eu\/goldenteacher\/services\/poprawia-zdrowie-psychiczne\/\"><span class=\"sc_icon icon-book-open\"><\/span><\/a>\t\t\t\t<div class=\"sc_services_item_content\">\n\t\t\t\t\t<h4 class=\"sc_services_item_title\"><a href=\"https:\/\/drpsy.eu\/goldenteacher\/services\/poprawia-zdrowie-psychiczne\/\">Poprawia zdrowie psychiczne<\/a><\/h4>\n\t\t\t\t\t<div class=\"sc_services_item_description\">\n\t\t\t\t\t\t<p>Zmniejszenie stresu i niepokoju oraz z\u0142agodzenie objaw\u00f3w depresji.<\/p>\t\t\t\t\t<\/div>\n\t\t\t\t<\/div>\n\t\t\t<\/div>\n\t\t<\/div><div class=\"column-1_2 column_padding_bottom\">\t\t\t<div id=\"sc_services_2071571006_2\"\t\t\t\tclass=\"sc_services_item sc_services_item_2 even\"\n\t\t\t\t>\n\t\t\t\t<a href=\"https:\/\/drpsy.eu\/goldenteacher\/services\/poprawa-funkcjonalnosci-mozgu\/\"><span class=\"sc_icon icon-book-open\"><\/span><\/a>\t\t\t\t<div class=\"sc_services_item_content\">\n\t\t\t\t\t<h4 class=\"sc_services_item_title\"><a href=\"https:\/\/drpsy.eu\/goldenteacher\/services\/poprawa-funkcjonalnosci-mozgu\/\">Poprawia funkcjonowanie m\u00f3zgu<\/a><\/h4>\n\t\t\t\t\t<div class=\"sc_services_item_description\">\n\t\t\t\t\t\t<p>Pozwala m\u00f3zgowi dzia\u0142a\u0107 z pe\u0142nym potencja\u0142em i otwiera\u0107 na nowe pomys\u0142y<\/p>\t\t\t\t\t<\/div>\n\t\t\t\t<\/div>\n\t\t\t<\/div>\n\t\t<\/div><div class=\"column-1_2 column_padding_bottom\">\t\t\t<div id=\"sc_services_2071571006_3\"\t\t\t\tclass=\"sc_services_item sc_services_item_3 odd\"\n\t\t\t\t>\n\t\t\t\t<a href=\"https:\/\/drpsy.eu\/goldenteacher\/services\/wzmacnia-system-odpornosciowy\/\"><span class=\"sc_icon icon-book-open\"><\/span><\/a>\t\t\t\t<div class=\"sc_services_item_content\">\n\t\t\t\t\t<h4 class=\"sc_services_item_title\"><a href=\"https:\/\/drpsy.eu\/goldenteacher\/services\/wzmacnia-system-odpornosciowy\/\">Wzmacnia uk\u0142ad odporno\u015bciowy<\/a><\/h4>\n\t\t\t\t\t<div class=\"sc_services_item_description\">\n\t\t\t\t\t\t<p>Grzyby psylocybinowe stosuje si\u0119 g\u0142\u00f3wnie do wzmacniania uk\u0142adu odporno\u015bciowego i podniesienia witalno\u015bci organizmu ludzkiego<\/p>\t\t\t\t\t<\/div>\n\t\t\t\t<\/div>\n\t\t\t<\/div>\n\t\t<\/div><div class=\"column-1_2 column_padding_bottom\">\t\t\t<div id=\"sc_services_2071571006_4\"\t\t\t\tclass=\"sc_services_item sc_services_item_4 even\"\n\t\t\t\t>\n\t\t\t\t<a href=\"https:\/\/drpsy.eu\/goldenteacher\/services\/ulepszona-kreatywnosc\/\"><span class=\"sc_icon icon-book-open\"><\/span><\/a>\t\t\t\t<div class=\"sc_services_item_content\">\n\t\t\t\t\t<h4 class=\"sc_services_item_title\"><a href=\"https:\/\/drpsy.eu\/goldenteacher\/services\/ulepszona-kreatywnosc\/\">Ulepszona kreatywno\u015b\u0107<\/a><\/h4>\n\t\t\t\t\t<div class=\"sc_services_item_description\">\n\t\t\t\t\t\t<p>Jednym z korzystnych czynnik\u00f3w grzyb\u00f3w o dzia\u0142aniu psychodelicznym jest elastyczno\u015b\u0107 poznawcza.<\/p>\t\t\t\t\t<\/div>\n\t\t\t\t<\/div>\n\t\t\t<\/div>\n\t\t<\/div><div class=\"column-1_2 column_padding_bottom\">\t\t\t<div id=\"sc_services_2071571006_5\"\t\t\t\tclass=\"sc_services_item sc_services_item_5 odd\"\n\t\t\t\t>\n\t\t\t\t<a href=\"https:\/\/drpsy.eu\/goldenteacher\/services\/pomaga-rzucic-inne-nawyki\/\"><span class=\"sc_icon icon-book-open\"><\/span><\/a>\t\t\t\t<div class=\"sc_services_item_content\">\n\t\t\t\t\t<h4 class=\"sc_services_item_title\"><a href=\"https:\/\/drpsy.eu\/goldenteacher\/services\/pomaga-rzucic-inne-nawyki\/\">Pomaga rzuci\u0107 inne nawyki<\/a><\/h4>\n\t\t\t\t\t<div class=\"sc_services_item_description\">\n\t\t\t\t\t\t<p>Mo\u017ce pom\u00f3c ludziom rzuci\u0107 inne nawyki, takie jak palenie papieros\u00f3w lub picie alkoholu.<\/p>\t\t\t\t\t<\/div>\n\t\t\t\t<\/div>\n\t\t\t<\/div>\n\t\t<\/div><div class=\"column-1_2 column_padding_bottom\">\t\t\t<div id=\"sc_services_2071571006_6\"\t\t\t\tclass=\"sc_services_item sc_services_item_6 even\"\n\t\t\t\t>\n\t\t\t\t<a href=\"https:\/\/drpsy.eu\/goldenteacher\/services\/zmniejszanie-depresji-i-leku\/\"><span class=\"sc_icon icon-book-open\"><\/span><\/a>\t\t\t\t<div class=\"sc_services_item_content\">\n\t\t\t\t\t<h4 class=\"sc_services_item_title\"><a href=\"https:\/\/drpsy.eu\/goldenteacher\/services\/zmniejszanie-depresji-i-leku\/\">Zmniejszona depresja i l\u0119k<\/a><\/h4>\n\t\t\t\t\t<div class=\"sc_services_item_description\">\n\t\t\t\t\t\t<p>Znacz\u0105co poprawia jako\u015b\u0107 \u017cycia os\u00f3b cierpi\u0105cych na zesp\u00f3\u0142 stresu pourazowego poprzez zwi\u0119kszenie poziomu serotoniny w m\u00f3zgu<\/p>\t\t\t\t\t<\/div>\n\t\t\t\t<\/div>\n\t\t\t<\/div>\n\t\t<\/div><\/div><\/div><\/div><!-- \/.sc_services --><\/div><!-- \/.sc_services_wrap -->[\/vc_column][\/vc_row][vc_row][vc_column css=&#8221;.vc_custom_1469444183926{margin-bottom: 0.5rem !important;}&#8221;]<div id=\"sc_services_486842019_wrap\" class=\"sc_services_wrap\"><div id=\"sc_services_486842019\" class=\"sc_services sc_services_style_services-1 sc_services_type_icons  margin_top_null margin_bottom_huge\" style=\"width:100%;\"><h5 class=\"sc_services_title sc_item_title\">Dlaczego warto nas wybra\u0107?<\/h5><div class=\"sc_services_descr sc_item_descr\">Zarodniki grzyb\u00f3w psylocybinowych najwy\u017cszej jako\u015bci growkitach obj\u0119te 100% gwarancj\u0105 satysfakcji klienta!<\/div><div class=\"sc_columns columns_wrap\"><div class=\"column-1_3 column_padding_bottom\">\t\t\t<div id=\"sc_services_486842019_1\"\t\t\t\tclass=\"sc_services_item sc_services_item_1 odd first\"\n\t\t\t\t>\n\t\t\t\t<a href=\"https:\/\/drpsy.eu\/goldenteacher\/services\/zadowoleni-klienci\/\"><span class=\"sc_icon icon-6\"><\/span><\/a>\t\t\t\t<div class=\"sc_services_item_content\">\n\t\t\t\t\t<h4 class=\"sc_services_item_title\"><a href=\"https:\/\/drpsy.eu\/goldenteacher\/services\/zadowoleni-klienci\/\">Zadowoleni klienci<\/a><\/h4>\n\t\t\t\t\t<div class=\"sc_services_item_description\">\n\t\t\t\t\t\t<p>Wa\u017cne jest, aby mie\u0107 do dyspozycji tylko najczystsze pr\u00f3bki zarodnik\u00f3w psylocybiny, kt\u00f3re mo\u017cna odpowiednio przebada\u0107, i to jest dok\u0142adnie to, co...<\/p>\t\t\t\t\t<\/div>\n\t\t\t\t<\/div>\n\t\t\t<\/div>\n\t\t<\/div><div class=\"column-1_3 column_padding_bottom\">\t\t\t<div id=\"sc_services_486842019_2\"\t\t\t\tclass=\"sc_services_item sc_services_item_2 even\"\n\t\t\t\t>\n\t\t\t\t<a href=\"https:\/\/drpsy.eu\/goldenteacher\/services\/certyfikowana-genetyka-zarodnikow-grzybow\/\"><span class=\"sc_icon icon-7\"><\/span><\/a>\t\t\t\t<div class=\"sc_services_item_content\">\n\t\t\t\t\t<h4 class=\"sc_services_item_title\"><a href=\"https:\/\/drpsy.eu\/goldenteacher\/services\/certyfikowana-genetyka-zarodnikow-grzybow\/\">Certyfikowana genetyka zarodnik\u00f3w<\/a><\/h4>\n\t\t\t\t\t<div class=\"sc_services_item_description\">\n\t\t\t\t\t\t<p>Zesp\u00f3\u0142 DrPsy zaopatruje si\u0119 wy\u0142\u0105cznie w certyfikowane genetyki zarodnik\u00f3w psilocybe cubensis do wszystkich naszych growkit\u00f3w.<\/p>\t\t\t\t\t<\/div>\n\t\t\t\t<\/div>\n\t\t\t<\/div>\n\t\t<\/div><div class=\"column-1_3 column_padding_bottom\">\t\t\t<div id=\"sc_services_486842019_3\"\t\t\t\tclass=\"sc_services_item sc_services_item_3 odd\"\n\t\t\t\t>\n\t\t\t\t<a href=\"https:\/\/drpsy.eu\/goldenteacher\/services\/szybka-dyskretna-niezawodna-wysylka\/\"><span class=\"sc_icon icon-8\"><\/span><\/a>\t\t\t\t<div class=\"sc_services_item_content\">\n\t\t\t\t\t<h4 class=\"sc_services_item_title\"><a href=\"https:\/\/drpsy.eu\/goldenteacher\/services\/szybka-dyskretna-niezawodna-wysylka\/\">Szybka, dyskretna, niezawodna wysy\u0142ka<\/a><\/h4>\n\t\t\t\t\t<div class=\"sc_services_item_description\">\n\t\t\t\t\t\t<p>Do wszystkich naszych wysy\u0142ek u\u017cywamy wy\u0142\u0105cznie firmy InPosta Paczkomaty lub lod\u00f3wkomaty. Firma ta jest najbardziej wiarygodnym dostawc\u0105...<\/p>\t\t\t\t\t<\/div>\n\t\t\t\t<\/div>\n\t\t\t<\/div>\n\t\t<\/div><\/div><div class=\"sc_services_button sc_item_button\"><a href=\"\/sklep\/\" class=\"sc_button sc_button_square sc_button_style_filled sc_button_size_medium\">ZAM\u00d3W TERAZ<\/a><\/div><\/div><!-- \/.sc_services --><\/div><!-- \/.sc_services_wrap -->[\/vc_column][\/vc_row][vc_row full_width=&#8221;stretch_row&#8221; inverse=&#8221;yes&#8221; css=&#8221;.vc_custom_1650373967334{background-color: #edf0eb !important;background-position: center !important;background-repeat: no-repeat !important;background-size: cover !important;}&#8221;][vc_column width=&#8221;1\/4&#8243;][\/vc_column][vc_column width=&#8221;1\/2&#8243;]<div class=\"sc_section margin_top_large margin_bottom_tiny aligncenter\"><div class=\"sc_section_inner\"><div class=\"sc_section_content_wrap\">[vc_empty_space height=&#8221;0.7rem&#8221;]<h6 class=\"sc_title sc_title_regular margin_top_small\" style=\"color:#54433a;\">Najlepsze dost\u0119pne zarodniki magicznych grzyb\u00f3w !<\/h6><div class=\"sc_section sc_section_block margin_top_tiny margin_bottom_large\" style=\"max-width: 550px; margin: auto;\"><div class=\"sc_section_inner\"><div class=\"sc_section_content_wrap\"><span class=\"sc_highlight\" style=\"color:#54433a;\">Je\u015bli chodzi o magiczne grzyby psylocybinowe, istnieje ponad 200 r\u00f3\u017cnych gatunk\u00f3w. W ramach tych gatunk\u00f3w istniej\u0105 setki szczep\u00f3w, kt\u00f3re zosta\u0142y wyizolowane genetycznie. Mamy w ofercie jedne z najlepszych zarodnik\u00f3w grzyb\u00f3w psylocybinowych dost\u0119pnych online.<\/span><\/div><\/div><\/div>[vc_empty_space height=&#8221;1.2rem&#8221;]<\/div><\/div><\/div>[\/vc_column][vc_column width=&#8221;1\/4&#8243;][\/vc_column][\/vc_row]<\/p>\n<\/div>","protected":false},"excerpt":{"rendered":"<p>[vc_row full_width=&#8221;stretch_row&#8221; css=&#8221;.vc_custom_1469470634125{background-color: #edf0eb !important;}&#8221;][vc_column css=&#8221;.vc_custom_1469525203354{margin-bottom: -1.1rem !important;}&#8221;][\/vc_column][\/vc_row][vc_row][vc_column css=&#8221;.vc_custom_1469525538426{margin-top: -0.2rem !important;margin-bottom: 0.5rem !important;}&#8221;][vc_column_text] Golden Teacher [\/vc_column_text][\/vc_column][\/vc_row][vc_row full_width=&#8221;stretch_row&#8221; css=&#8221;.vc_custom_1467808567954{background-color: #edf0eb !important;}&#8221;][vc_column css=&#8221;.vc_custom_1468927187508{margin-bottom: 2.5rem !important;}&#8221;][\/vc_column][\/vc_row][vc_row][vc_column][\/vc_column][\/vc_row][vc_row][vc_column css=&#8221;.vc_custom_1469603758005{margin-bottom: 1.4rem !important;}&#8221;][\/vc_column][\/vc_row][vc_row][vc_column css=&#8221;.vc_custom_1469444183926{margin-bottom: 0.5rem !important;}&#8221;][\/vc_column][\/vc_row][vc_row full_width=&#8221;stretch_row&#8221; inverse=&#8221;yes&#8221; css=&#8221;.vc_custom_1650373967334{background-color: #edf0eb !important;background-position: center !important;background-repeat: no-repeat !important;background-size: cover !important;}&#8221;][vc_column width=&#8221;1\/4&#8243;][\/vc_column][vc_column width=&#8221;1\/2&#8243;][\/vc_column][vc_column width=&#8221;1\/4&#8243;][\/vc_column][\/vc_row]<\/p>\n","protected":false},"author":990003,"featured_media":0,"parent":0,"menu_order":0,"comment_status":"closed","ping_status":"closed","template":"","meta":{"footnotes":""},"class_list":["post-313","page","type-page","status-publish","hentry"],"_links":{"self":[{"href":"https:\/\/drpsy.eu\/goldenteacher\/wp-json\/wp\/v2\/pages\/313","targetHints":{"allow":["GET"]}}],"collection":[{"href":"https:\/\/drpsy.eu\/goldenteacher\/wp-json\/wp\/v2\/pages"}],"about":[{"href":"https:\/\/drpsy.eu\/goldenteacher\/wp-json\/wp\/v2\/types\/page"}],"author":[{"embeddable":true,"href":"https:\/\/drpsy.eu\/goldenteacher\/wp-json\/wp\/v2\/users\/990003"}],"replies":[{"embeddable":true,"href":"https:\/\/drpsy.eu\/goldenteacher\/wp-json\/wp\/v2\/comments?post=313"}],"version-history":[{"count":5,"href":"https:\/\/drpsy.eu\/goldenteacher\/wp-json\/wp\/v2\/pages\/313\/revisions"}],"predecessor-version":[{"id":2379,"href":"https:\/\/drpsy.eu\/goldenteacher\/wp-json\/wp\/v2\/pages\/313\/revisions\/2379"}],"wp:attachment":[{"href":"https:\/\/drpsy.eu\/goldenteacher\/wp-json\/wp\/v2\/media?parent=313"}],"curies":[{"name":"wp","href":"https:\/\/api.w.org\/{rel}","templated":true}]}}