{"id":996,"date":"2022-04-25T07:09:44","date_gmt":"2022-04-25T07:09:44","guid":{"rendered":"https:\/\/drpsy.eu\/?page_id=996"},"modified":"2023-06-16T13:04:52","modified_gmt":"2023-06-16T13:04:52","slug":"regulamin","status":"publish","type":"page","link":"https:\/\/drpsy.eu\/goldenteacher\/regulamin\/","title":{"rendered":"Regulamin"},"content":{"rendered":"<p style=\"text-align: center;\">Sklep internetowy drpsy.eu prowadzi:<\/p>\n<p style=\"text-align: center;\">Best Solution<\/p>\n<p style=\"text-align: center;\">Kod pocztowy: 02-593<\/p>\n<p style=\"text-align: center;\">ul. Chodkiewicza 6\/10<\/p>\n<p style=\"text-align: center;\">Miejscowo\u015b\u0107: Warszawa<\/p>\n<p style=\"text-align: center;\">NIP:5221926106<\/p>\n<p style=\"text-align: center;\">Kontakt jest mo\u017cliwy poprzez:<br \/>\ne-mail: dr@drpsy.eu<\/p>\n<p style=\"text-align: center;\">\u00a7 DEFINICJE<\/p>\n<p style=\"text-align: center;\">1. KLIENT \u2013 osoba fizyczna posiadaj\u0105ca pe\u0142n\u0105 zdolno\u015b\u0107 do czynno\u015bci prawnych, a w wypadkach przewidzianych przez przepisy powszechnie obowi\u0105zuj\u0105ce tak\u017ce osoba fizyczna posiadaj\u0105ca ograniczon\u0105 zdolno\u015b\u0107 do czynno\u015bci prawnych, kt\u00f3ra zawar\u0142a lub zamierza zawrze\u0107 Umow\u0119 Sprzeda\u017cy ze Sprzedawc\u0105.<br \/>\n2. FORMULARZ REJESTRACJI \u2013 formularz dost\u0119pny na stronie internetowej sklepu, umo\u017cliwiaj\u0105cy utworzenie Konta.<br \/>\n3. FORMULARZ ZAM\u00d3WIENIA \u2013 us\u0142uga Elektroniczna, interaktywny formularz dost\u0119pny na stronie sklepu, umo\u017cliwiaj\u0105cy z\u0142o\u017cenie Zam\u00f3wienia, w szczeg\u00f3lno\u015bci poprzez dodanie Produkt\u00f3w do elektronicznego koszyka oraz okre\u015blenie warunk\u00f3w Umowy Sprzeda\u017cy, w tym sposobu dostawy i p\u0142atno\u015bci.<br \/>\n4. KONTO \u2013 Us\u0142uga Elektroniczna, oznaczony adresem e-mail i has\u0142em podanym przez Klienta zbi\u00f3r zasob\u00f3w w systemie teleinformatycznym sklepu, w kt\u00f3rym gromadzone s\u0105 dane podane przez Klienta oraz informacje o z\u0142o\u017conych przez niego Zam\u00f3wieniach w sklepie.<br \/>\n5. NEWSLETTER \u2013 Us\u0142uga Elektroniczna, elektroniczna us\u0142uga dystrybucyjna \u015bwiadczona przez drpsy.eu za po\u015brednictwem poczty elektronicznej e-mail, kt\u00f3ra umo\u017cliwia wszystkim korzystaj\u0105cym z niej Klientom automatyczne otrzymywanie od Us\u0142ugodawcy cyklicznych tre\u015bci kolejnych edycji newslettera zawieraj\u0105cego informacje o Produktach, nowo\u015bciach i promocjach.<br \/>\n6. PRODUKT \u2013 dost\u0119pna w sklepie rzecz ruchoma b\u0119d\u0105ca przedmiotem Umowy Sprzeda\u017cy mi\u0119dzy Klientem a drpsy.eu<br \/>\n7. ZAM\u00d3WIENIE &#8211; o\u015bwiadczenie woli Klienta sk\u0142adane za pomoc\u0105 Formularza Zam\u00f3wienia i zmierzaj\u0105ce bezpo\u015brednio do zawarcia Umowy Sprzeda\u017cy Produktu ze sklepu internetowego.<br \/>\n8. REGULAMIN \u2013 niniejszy regulamin Sklepu Internetowego.<br \/>\n9. SKLEP INTERNETOWY &#8211; sklep internetowy drpsy.eu dost\u0119pny pod adresem internetowym: www.drpsy.eu<br \/>\n10. UMOWA SPRZEDA\u017bY \u2013 umowa sprzeda\u017cy Produktu zawierana albo zawarta mi\u0119dzy Klientem a Best Solution ( NIP: 5221926106) za po\u015brednictwem Sklepu Internetowego drpsy.eu<br \/>\n11. KODEKS CYWILNY \u2013 ustawa kodeks cywilny z dnia 23 kwietnia 1964 r. (Dz.U. 1964 nr 16, poz. 93 ze zm.).<br \/>\n12. USTAWA O PRAWACH KONSUMENTA, USTAWA \u2013 ustawa z dnia 30 maja 2014 r. o prawach konsumenta (Dz.U. 2014 poz. 827 ze zm.)<\/p>\n<p style=\"text-align: center;\">\u00a7 PROCES ZAKUPOWY<\/p>\n<p style=\"text-align: center;\">1. Klient mo\u017ce dokonywa\u0107 zakupu towar\u00f3w za po\u015brednictwem witryny www.drpsy.eu. W tym celu, Klient powinien doda\u0107 poszczeg\u00f3lne Towary do \u201ekoszyka\u201d, a nast\u0119pnie zatwierdzi\u0107 sw\u00f3j wyb\u00f3r poprzez klikni\u0119cie odpowiedniej opcji, dost\u0119pnej na witrynie drpsy.eu.<br \/>\n2. Na witrynie www.drpsy.eu mo\u017cliwe jest dokonywanie zakup\u00f3w jako zarejestrowany Klient b\u0105d\u017a jako Go\u015b\u0107. W przypadku dokonania przez Klienta rejestracji w sklepie Internetowym, z\u0142o\u017cenie zam\u00f3wienia nast\u0119puje poprzez zalogowanie si\u0119 na stronie drpsy.eu, dodanie Towaru do koszyka i zatwierdzeniu zam\u00f3wienia. W przypadku braku dokonania przez Klienta rejestracji w sklepie, warunkiem z\u0142o\u017cenia zam\u00f3wienia jest dodanie Towaru do koszyka, wype\u0142nienie w Formularzu Zam\u00f3wie\u0144 wszystkich wymaganych danych koniecznych do wysy\u0142ki Towaru oraz podj\u0119cie innych czynno\u015bci technicznych w oparciu o wy\u015bwietlane Klientowi komunikaty lub informacje.<br \/>\n3. Po zatwierdzeniu listy wybranych Towar\u00f3w, Klient powinien:<br \/>\na. okre\u015bli\u0107 spos\u00f3b dostawy<br \/>\n<a href=\"https:\/\/drpsy.eu\/goldenteacher\/growkit-b-instrukcja\/\">b<\/a>. okre\u015bli\u0107 spos\u00f3b p\u0142atno\u015bci<br \/>\nc. potwierdzi\u0107 aktualno\u015b\u0107 danych, podanych przy rejestracji, a tak\u017ce ca\u0142kowit\u0105 cen\u0119 Towar\u00f3w (<a href=\"https:\/\/drpsy.eu\/goldenteacher\/dlaczego-terapia-grzybami-psylocybinowymi-w-oregonie-jest-tak-kosztowna\/\">koszty<\/a> dostawy) \u2013 poprzez klikni\u0119cie przycisku \u201ezam\u00f3w z obowi\u0105zkiem zap\u0142aty\u201d.<br \/>\n4. Dokonanie czynno\u015bci, o kt\u00f3rych mowa w ust. 3 pkt c, jest r\u00f3wnoznaczne ze z\u0142o\u017ceniem przez Klienta oferty zawarcia umowy sprzeda\u017cy towar\u00f3w umieszczonych w koszyku, po wy\u015bwietlonych przez system cenach, podanych kosztach dostawy itd.<br \/>\n5. Z\u0142o\u017cenie oferty zawarcia umowy sprzeda\u017cy nie jest jednoznaczne z jej przyj\u0119ciem. Sklep zastrzega sobie <a href=\"https:\/\/drpsy.eu\/goldenteacher\/ayahuasca-kontra-magiczne-grzyby-porownanie-substancji-psychodelicznych\/\">prawo<\/a> do odmowy realizacji zam\u00f3wienia z wa\u017cnych powod\u00f3w, o zaistnieniu kt\u00f3rych niezw\u0142ocznie poinformuje Klienta, w szczeg\u00f3lno\u015bci gdy z przyczyn niezale\u017cnych od Sklepu wykonanie umowy zgodnie ze z\u0142o\u017con\u0105 ofert\u0105 zawarcia umowy sprzeda\u017cy oka\u017ce si\u0119 niemo\u017cliwe lub znacznie utrudnione.<br \/>\n6. Z chwil\u0105 z\u0142o\u017cenia przez Klienta oferty zgodnie z ust. 3 pkt c, do Klienta jest wysy\u0142ana wiadomo\u015b\u0107 za po\u015brednictwem poczty elektronicznej, na adres podany przez Klienta podczas rejestracji b\u0105d\u017a procesu zam\u00f3wienia, z pisemnym potwierdzeniem warunk\u00f3w z\u0142o\u017conej oferty (zam\u00f3wienia).<br \/>\n7. Do zawarcia umowy sprzeda\u017cy mi\u0119dzy Klientem a drpsy.eu dochodzi z chwil\u0105 akceptacji przez Sklep otrzymanej wcze\u015bniej oferty (zam\u00f3wienia) &#8211; w formie wiadomo\u015bci przes\u0142anej poczt\u0105 elektroniczn\u0105 na adres podany podczas rejestracji konta u\u017cytkownika sklepu internetowego.<\/p>\n<p style=\"text-align: center;\">\u00a7 CENA<\/p>\n<p style=\"text-align: center;\">1. Ceny na stronie podawane s\u0105 w z\u0142otych polskich (PLN) lub euro (EUR).<br \/>\n2. Ceny podane na stronie s\u0105 cenami brutto.<br \/>\n3. Do ceny Towaru nale\u017cy doliczy\u0107 koszt przesy\u0142ki, kt\u00f3rego wysoko\u015b\u0107 uzale\u017cniona jest od miejsca i wybranej formy dostawy.<br \/>\n4. Cena podana na stronie w chwili sk\u0142adania zam\u00f3wienia jest cen\u0105 ostateczn\u0105, wi\u0105\u017c\u0105c\u0105 Klienta. Po z\u0142o\u017ceniu zam\u00f3wienia cena zam\u00f3wionych towar\u00f3w nie zmieni si\u0119, niezale\u017cnie od wprowadzonych przez Sklep zmian cen lub rozpocz\u0119tych akcji promocyjnych lub wyprzeda\u017cowych.<br \/>\n5. drpsy.eu zastrzega sobie <a href=\"https:\/\/drpsy.eu\/goldenteacher\/ayahuasca-kontra-magiczne-grzyby-porownanie-substancji-psychodelicznych\/\">prawo<\/a> zmiany cen towar\u00f3w znajduj\u0105cych si\u0119 w sklepie internetowym, wprowadzania nowych towar\u00f3w do sprzeda\u017cy, przeprowadzania i odwo\u0142ywania akcji promocyjnych na stronach sklepu, b\u0105d\u017a wprowadzania w nich zmian zgodnie z normami kodeksu cywilnego oraz innych przepis\u00f3w prawa.<\/p>\n<p style=\"text-align: center;\">\u00a7 P\u0141ATNO\u015a\u0106<\/p>\n<p style=\"text-align: center;\">1. Sklep umo\u017cliwia nast\u0119puj\u0105ce sposoby p\u0142atno\u015bci:<br \/>\na. przelew na rachunek bankowy (przedp\u0142ata)<br \/>\n<a href=\"https:\/\/drpsy.eu\/goldenteacher\/growkit-b-instrukcja\/\">b<\/a>. p\u0142atno\u015b\u0107 kryptowalutami za po\u015brednictwem Coingate.com<br \/>\n2. Klient powinien oznaczy\u0107 wybrany spos\u00f3b p\u0142atno\u015bci w formularzu zam\u00f3wienia.<br \/>\n3. Serwis Dotpay.pl umo\u017cliwia realizacj\u0119 p\u0142atno\u015bci za pomoc\u0105 karty kredytowej lub szybkiego przelewu internetowego. Decyduj\u0105c si\u0119 na t\u0119 opcj\u0119 p\u0142atno\u015bci, klient automatycznie zostaje przekierowany do systemu Dotpay.pl. Realizuj\u0105c p\u0142atno\u015b\u0107 za pomoc\u0105 przelewu internetowego, po wybraniu swojego banku, nale\u017cy zalogowa\u0107 si\u0119 za pomoc\u0105 danych dost\u0119powych do bankowo\u015bci internetowej oraz potwierdzi\u0107 p\u0142atno\u015b\u0107.<br \/>\n4. Serwis Coingate.com umo\u017cliwia realizacj\u0119 p\u0142atno\u015bci za pomoc\u0105 krypto walut. Decyduj\u0105c si\u0119 na t\u0119 opcj\u0119 p\u0142atno\u015bci, klient automatycznie zostaje przekierowany do systemu Coingate, gdzie zostanie wygenerowany dla niego unikalny adres portfela do p\u0142atno\u015bci.<br \/>\n5. P\u0142atno\u015b\u0107 przelewem na rachunek bankowy odbywa si\u0119 na zasadzie przedp\u0142aty (jako p\u0142atno\u015b\u0107 z g\u00f3ry) Klient otrzymuje tak\u017ce dane konta bankowego i tytu\u0142 przelewu (numer zam\u00f3wienia) w mailu potwierdzaj\u0105cym z\u0142o\u017cenie zam\u00f3wienia<br \/>\n6. W przypadku p\u0142atno\u015bci za po\u015brednictwem systemu Dotpay.pl lub Coingate.com zap\u0142ata powinna by\u0107 dokonana w momencie sk\u0142adania zam\u00f3wienia, a w przypadku p\u0142atno\u015bci przelewem na rachunek bankowy \u2013 w terminie 7 dni roboczych od otrzymania wiadomo\u015bci stanowi\u0105cej potwierdzenie z\u0142o\u017cenia zam\u00f3wienia.<br \/>\n7. Przy wyborze kt\u00f3rejkolwiek z form p\u0142atno\u015bci Klient ponosi <a href=\"https:\/\/drpsy.eu\/goldenteacher\/dlaczego-terapia-grzybami-psylocybinowymi-w-oregonie-jest-tak-kosztowna\/\">koszty<\/a> z tym zwi\u0105zane. <a href=\"https:\/\/drpsy.eu\/goldenteacher\/dlaczego-terapia-grzybami-psylocybinowymi-w-oregonie-jest-tak-kosztowna\/\">Koszty<\/a> te obejmuj\u0105 w szczeg\u00f3lno\u015bci op\u0142aty i prowizje, kt\u00f3rymi sklep zostanie obci\u0105\u017cony przez bank b\u0105d\u017a operatora p\u0142atno\u015bci.<br \/>\n8. W przypadku zw\u0142oki Klienta w dokonaniu zap\u0142aty, przekraczaj\u0105cej 7 dni robocze od akceptacji zam\u00f3wienia przez sklep, drpsy.eu ma <a href=\"https:\/\/drpsy.eu\/goldenteacher\/ayahuasca-kontra-magiczne-grzyby-porownanie-substancji-psychodelicznych\/\">prawo<\/a> odst\u0105pi\u0107 od umowy sprzeda\u017cy.<\/p>\n<p style=\"text-align: center;\">\u00a7 DOSTAWA<\/p>\n<p style=\"text-align: center;\">1. drpsy.eu przyst\u0105pi do realizacji zam\u00f3wienia Klienta niezw\u0142ocznie po uznaniu zap\u0142aty za Towary poprzez notyfikacj\u0119 z systemu p\u0142atno\u015bci (w przypadku systemu Dotpay.pl lub Coingate.com) b\u0105d\u017a wp\u0142yw nale\u017cno\u015bci na swym rachunku bankowym (w przypadku p\u0142atno\u015bci przelewem na rachunek bankowy).<br \/>\n2. Spos\u00f3b dostawy oraz adres, pod kt\u00f3rym dostawa b\u0119dzie dokonana, powinny by\u0107 okre\u015blone przez Klienta w formularzu zam\u00f3wienia.<br \/>\n3. Mo\u017cliwe sposoby dostawy na terenie Polski to:<br \/>\na) Paczkomaty InPost<br \/>\n4. Mo\u017cliwe sposoby dostawy na terenie Europy to:<br \/>\na) kurier GLS<br \/>\n5. Koszt dostawy uzale\u017cniony jest od wybranego sposobu dostawy oraz miejsca wysy\u0142ki. Klient jest zawiadamiany o koszcie dostawy danego Towaru przed z\u0142o\u017ceniem zam\u00f3wienia<br \/>\n6. Czas realizacji zam\u00f3wienia jest sum\u0105 czasu przekazania przesy\u0142ki dostawcy i czasu dostawy przesy\u0142ki przez dostawc\u0119. Sklep zobowi\u0105zuje si\u0119, \u017ce przeka\u017ce Towary dostawcy w terminie maksymalnie 3 dni od wp\u0142yni\u0119cia p\u0142atno\u015bci.<br \/>\n7. Je\u015bli z przyczyn technicznych lub logistycznych dostawa towaru odbywa si\u0119 w kilku etapach, Klient ponosi op\u0142at\u0119 za przesy\u0142k\u0119 tylko jeden raz.<\/p>\n<p style=\"text-align: center;\">\u00a7 WYMIANA, ZWROTY, REKLAMACJE<\/p>\n<p style=\"text-align: center;\">1. Klient dokonuj\u0105cy zakupu jako konsument (tj. jako osoba fizyczna, kt\u00f3ra nabywa towar w celu niezwi\u0105zanym z dzia\u0142alno\u015bci\u0105 gospodarcz\u0105), kt\u00f3ry zawar\u0142 umow\u0119 na odleg\u0142o\u015b\u0107 za po\u015brednictwem drpsy.eu mo\u017ce od tej umowy odst\u0105pi\u0107 bez podania przyczyny, sk\u0142adaj\u0105c stosowne o\u015bwiadczenie na pi\u015bmie w terminie czternastu dni od dnia wydania mu towaru stanowi\u0105cego przedmiot tej umowy, z zastrze\u017ceniem ust. 5.<\/p>\n<p style=\"text-align: center;\">Po dokonaniu wysy\u0142ki nie przyjmujemy zwrotu produkt\u00f3w typu <a href=\"https:\/\/drpsy.eu\/goldenteacher\/jak-rozpoznac-zanieczyszczenia-w-grzybni\/\">Growkit<\/a> ze wzgl\u0119du na charakter produktu (szybko psuj\u0105cy si\u0119 produkt) &#8211; Art 38 pkt 4 Ustawy z dnia 30 maja 2014 r. o prawach konsumenta<br \/>\n2. W przypadku umowy obejmuj\u0105cej wiele rzeczy, kt\u00f3re s\u0105 dostarczane osobno, partiami lub w cz\u0119\u015bciach &#8211; termin do odst\u0105pienia od umowy wygasa po up\u0142ywie czternastu dni od dnia wej\u015bcia przez Klienta w posiadanie ostatniej z rzeczy.<br \/>\n3. Do zachowania termin\u00f3w, o kt\u00f3rych mowa w ust. 1 i 2, wystarczy wys\u0142anie sklepowi o\u015bwiadczenia o odst\u0105pieniu od umowy przed up\u0142ywem terminu.<br \/>\n4. Odst\u0105pienie od umowy sprzeda\u017cy Towaru nast\u0119puje poprzez z\u0142o\u017cenie sklepowi przez Klienta jednoznacznego o\u015bwiadczenia. O\u015bwiadczenie takie mo\u017ce zosta\u0107 sporz\u0105dzone na formularzu, jednak nie jest to obowi\u0105zkowe.<br \/>\n5. Sklep nie przyjmuje zwrot\u00f3w towar\u00f3w szybko psuj\u0105cych si\u0119 oraz wymagaj\u0105cych szczeg\u00f3lnej uwagi ze wzgl\u0119d\u00f3w higienicznych (w szczeg\u00f3lno\u015bci <a href=\"https:\/\/drpsy.eu\/goldenteacher\/jak-hodowac-grzyby-golden-teacher-psilocybe-cubensis-za-pomoca-zestawu-do-uprawy\/\">grzybnia<\/a>, <a href=\"https:\/\/drpsy.eu\/goldenteacher\/odyseja-zarodnikow-odkrywanie-bogactwa-roznorodnosci-grzybow\/\">zarodniki<\/a>).<br \/>\n6. W przypadku odst\u0105pienia od umowy sprzeda\u017cy Towaru przez Klienta:<br \/>\na. Klient powinien odes\u0142a\u0107 drpsy.eu Towar na adres niezw\u0142ocznie, a w ka\u017cdym razie nie p\u00f3\u017aniej ni\u017c 14 dni od dnia, w kt\u00f3rym odst\u0105pi\u0142 od umowy. Termin jest zachowany, je\u017celi Klient ode\u015ble Towar przed up\u0142ywem terminu 14 dni. Bezpo\u015brednie <a href=\"https:\/\/drpsy.eu\/goldenteacher\/dlaczego-terapia-grzybami-psylocybinowymi-w-oregonie-jest-tak-kosztowna\/\">koszty<\/a> zwrotu Towaru pokrywa Klient.<br \/>\n<a href=\"https:\/\/drpsy.eu\/goldenteacher\/growkit-b-instrukcja\/\">b<\/a>. drpsy.eu zwr\u00f3ci Klientowi wszystkie otrzymane od Klienta p\u0142atno\u015bci, z wyj\u0105tkiem koszt\u00f3w dostarczenia Towaru, niezw\u0142ocznie, a w ka\u017cdym przypadku nie p\u00f3\u017aniej ni\u017c 14 dni od dnia otrzymania Towaru od Klienta b\u0105d\u017a dowodu jego odes\u0142ania<br \/>\nc. drpsy.eu zwr\u00f3ci Klientowi nale\u017cno\u015b\u0107 za <a href=\"https:\/\/drpsy.eu\/goldenteacher\/dlaczego-terapia-grzybami-psylocybinowymi-w-oregonie-jest-tak-kosztowna\/\">koszty<\/a> dostarczenia Towaru stanowi\u0105ce r\u00f3wnowarto\u015b\u0107 najta\u0144szego sposobu dor\u0119czenia przesy\u0142ki<br \/>\nd. drpsy.eu zwr\u00f3ci p\u0142atno\u015bci przy u\u017cyciu takich samych sposob\u00f3w p\u0142atno\u015bci, jakie zosta\u0142y przez Klienta u\u017cyte w pierwotnej transakcji, chyba \u017ce Klient wyra\u017anie wyrazi zgod\u0119 na inne rozwi\u0105zanie. W ka\u017cdym przypadku Klient nie poniesie \u017cadnych op\u0142at w zwi\u0105zku z tym zwrotem.<br \/>\n7. drpsy.eu mo\u017ce wstrzyma\u0107 si\u0119 ze zwrotem p\u0142atno\u015bci do czasu otrzymania Towaru lub do czasu dostarczenia sklepowi dowodu jego odes\u0142ania, w zale\u017cno\u015bci od tego, kt\u00f3re zdarzenie nast\u0105pi wcze\u015bniej.<br \/>\n8. Klient ponosi <a href=\"https:\/\/drpsy.eu\/goldenteacher\/tragiczna-smierc-brytyjskiego-turysty-po-zazyciu-halucynogenow-w-tajlandii\/\">odpowiedzialno\u015b\u0107<\/a> za zmniejszenie warto\u015bci Towaru wynikaj\u0105ce z korzystania z niego w spos\u00f3b inny ni\u017c by\u0142o to konieczne do stwierdzenia charakteru, cech i funkcjonowania Towaru.<br \/>\n9. <a href=\"https:\/\/drpsy.eu\/goldenteacher\/ayahuasca-kontra-magiczne-grzyby-porownanie-substancji-psychodelicznych\/\">Prawo<\/a> odst\u0105pienia, o kt\u00f3rym mowa, nie przys\u0142uguje Klientowi w odniesieniu do um\u00f3w wskazanych w art. 38 ustawy z dnia 30 maja 2014 r. o prawach konsumenta (Dz.U. z 2014 r. poz. 827), w tym um\u00f3w w kt\u00f3rej przedmiotem \u015bwiadczenia jest rzecz nieprefabrykowana, wyprodukowana wed\u0142ug specyfikacji konsumenta lub s\u0142u\u017c\u0105ca zaspokojeniu jego zindywidualizowanych potrzeb.<br \/>\n10. Sklep ma obowi\u0105zek dostarczy\u0107 Klient Towar wolny od wad.<br \/>\n11. Sklep jest odpowiedzialny wzgl\u0119dem Klienta, je\u017celi sprzedany Towar ma wad\u0119 fizyczn\u0105 lub prawn\u0105 (r\u0119kojmia za wady).<br \/>\n12. W przypadku skorzystania z prawa z\u0142o\u017cenia reklamacji Klient mo\u017ce wype\u0142ni\u0107 formularz reklamacji oraz odes\u0142a\u0107 go wraz z reklamowanym Towarem oraz w miar\u0119 mo\u017cliwo\u015bci z dowodem zakupu<br \/>\n13. W formularzu reklamacyjnym Klient wskazuje m.in. swoje oczekiwania co do sposobu realizacji zobowi\u0105za\u0144 drpsy.eu<br \/>\n14. Mo\u017cliwe sposoby rozpatrzenia reklamacji to:<br \/>\na. wymiana Towaru na nowy,<br \/>\n<a href=\"https:\/\/drpsy.eu\/goldenteacher\/growkit-b-instrukcja\/\">b<\/a>. obni\u017cenie ceny,<br \/>\nc. odst\u0105pienie od umowy<br \/>\n15. Czas rozpatrzenia reklamacji, wraz z powiadomieniem Klienta to 14 dni od momentu z\u0142o\u017cenia reklamacji. W przypadku naprawy czas mo\u017ce si\u0119 wyd\u0142u\u017cy\u0107 w zale\u017cno\u015bci od rodzaju zg\u0142oszonej niezgodno\u015bci.<br \/>\n16. Podstaw\u0105 reklamacji mo\u017ce by\u0107 w szczeg\u00f3lno\u015bci dostarczenie innego Towaru ni\u017c zamawiany, nieprawid\u0142owe skompletowanie zam\u00f3wienia lub dostarczenie niew\u0142a\u015bciwej liczby Towar\u00f3w.<br \/>\n17. W przypadku rozpatrzenia reklamacji na korzy\u015b\u0107 Klienta <a href=\"https:\/\/drpsy.eu\/goldenteacher\/dlaczego-terapia-grzybami-psylocybinowymi-w-oregonie-jest-tak-kosztowna\/\">koszty<\/a> wymiany lub naprawy Towaru ponosi drpsy.eu<br \/>\n18. W przypadku reklamacji na korzy\u015b\u0107 Klienta o zwrot p\u0142atno\u015bci, zostanie on dokonany przy u\u017cyciu takich samych sposob\u00f3w p\u0142atno\u015bci jakie zosta\u0142y przez Klienta u\u017cyte w pierwotnej transakcji, chyba \u017ce Klient wyra\u017anie wyrazi zgod\u0119 na inne rozwi\u0105zanie. W ka\u017cdym przypadku Klient nie poniesie \u017cadnych op\u0142at w zwi\u0105zku z tym zwrotem.<br \/>\n19. W przypadku rozpatrzenia reklamacji na korzy\u015b\u0107 Klienta drpsy.eu zwraca tak\u017ce <a href=\"https:\/\/drpsy.eu\/goldenteacher\/dlaczego-terapia-grzybami-psylocybinowymi-w-oregonie-jest-tak-kosztowna\/\">koszty<\/a> dostarczenia Towaru w procesie reklamacji stanowi\u0105ce r\u00f3wnowarto\u015b\u0107 najta\u0144szego sposobu dor\u0119czenia przesy\u0142ki.<br \/>\n20. Gdy reklamacja jest rozpatrzona niezgodnie z wol\u0105 Klienta, Klient ma <a href=\"https:\/\/drpsy.eu\/goldenteacher\/ayahuasca-kontra-magiczne-grzyby-porownanie-substancji-psychodelicznych\/\">prawo<\/a> z\u0142o\u017cy\u0107 odwo\u0142anie do reklamacji.<br \/>\n21. drpsy.eu informuje Klienta b\u0119d\u0105cego Konsumentem o mo\u017cliwo\u015bci skorzystania z pozas\u0105dowych sposob\u00f3w rozpatrywania reklamacji i dochodzenia roszcze\u0144. Zasady dost\u0119pu do tych procedur dost\u0119pne s\u0105 w siedzibach lub na stronach internetowych podmiot\u00f3w uprawnionych do pozas\u0105dowego rozpatrywania spor\u00f3w. Mog\u0105 nimi by\u0107 w szczeg\u00f3lno\u015bci rzecznicy praw konsumenta lub Wojew\u00f3dzkie Inspektoraty Inspekcji Handlowej, kt\u00f3rych lista jest dost\u0119pna na stronie internetowej Urz\u0119du Ochrony Konkurencji i Konsument\u00f3w pod adresem http:\/\/www.uokik.gov.pl\/spory_konsumenckie.php.<br \/>\n22. Sklep informuje, \u017ce pod adresem http:\/\/ec.europa.eu\/consumers\/odr\/ dost\u0119pna jest platforma internetowego systemu rozstrzygania spor\u00f3w pomi\u0119dzy konsumentami i przedsi\u0119biorcami na szczeblu unijnym (platforma ODR).<\/p>\n","protected":false},"excerpt":{"rendered":"<p>Sklep internetowy drpsy.eu prowadzi: Best Solution Kod pocztowy: 02-593 ul. Chodkiewicza 6\/10 Miejscowo\u015b\u0107: Warszawa NIP:5221926106 Kontakt jest mo\u017cliwy poprzez: e-mail: dr@drpsy.eu \u00a7 DEFINICJE 1. KLIENT \u2013 osoba fizyczna posiadaj\u0105ca pe\u0142n\u0105 zdolno\u015b\u0107 do czynno\u015bci prawnych, a w wypadkach przewidzianych przez przepisy powszechnie obowi\u0105zuj\u0105ce tak\u017ce osoba fizyczna posiadaj\u0105ca ograniczon\u0105 zdolno\u015b\u0107 do czynno\u015bci prawnych, kt\u00f3ra zawar\u0142a lub zamierza [&hellip;]<\/p>\n","protected":false},"author":990003,"featured_media":0,"parent":0,"menu_order":0,"comment_status":"closed","ping_status":"closed","template":"","meta":{"footnotes":""},"class_list":["post-996","page","type-page","status-publish","hentry"],"_links":{"self":[{"href":"https:\/\/drpsy.eu\/goldenteacher\/wp-json\/wp\/v2\/pages\/996","targetHints":{"allow":["GET"]}}],"collection":[{"href":"https:\/\/drpsy.eu\/goldenteacher\/wp-json\/wp\/v2\/pages"}],"about":[{"href":"https:\/\/drpsy.eu\/goldenteacher\/wp-json\/wp\/v2\/types\/page"}],"author":[{"embeddable":true,"href":"https:\/\/drpsy.eu\/goldenteacher\/wp-json\/wp\/v2\/users\/990003"}],"replies":[{"embeddable":true,"href":"https:\/\/drpsy.eu\/goldenteacher\/wp-json\/wp\/v2\/comments?post=996"}],"version-history":[{"count":5,"href":"https:\/\/drpsy.eu\/goldenteacher\/wp-json\/wp\/v2\/pages\/996\/revisions"}],"predecessor-version":[{"id":2311,"href":"https:\/\/drpsy.eu\/goldenteacher\/wp-json\/wp\/v2\/pages\/996\/revisions\/2311"}],"wp:attachment":[{"href":"https:\/\/drpsy.eu\/goldenteacher\/wp-json\/wp\/v2\/media?parent=996"}],"curies":[{"name":"wp","href":"https:\/\/api.w.org\/{rel}","templated":true}]}}